107465
What is -9cc4 (base 16) in base 6?
-505444
What is 812 (base 12) in base 5?
14131
-20020000 (base 3) to base 5
-121121
Convert 1334 (base 7) to base 11.
429
-1110110101 (base 2) to base 8
-1665
-114e (base 15) to base 14
-14a6
-a778 (base 11) to base 16
-37a2
Convert 10500 (base 6) to base 16.
5c4
-9108 (base 10) to base 14
-3468
7134 (base 16) to base 7
150330
Convert -404 (base 5) to base 3.
-10212
1922b (base 12) to base 10
36611
What is 2121 (base 10) in base 2?
100001001001
Convert 504 (base 11) to base 15.
2a9
What is 156313 (base 7) in base 2?
111100100110011
What is 15645 (base 7) in base 8?
10533
Convert -883 (base 13) to base 16.
-5b3
Convert 10020011201 (base 3) to base 8.
174076
Convert 2a4 (base 14) to base 11.
448
What is -112544 (base 7) in base 10?
-20171
Convert 2230220 (base 4) to base 8.
25450
Convert -266b (base 14) to base 3.
-100021100
1345 (base 13) to base 11
2090
-1dd1 (base 16) to base 2
-1110111010001
-21111200 (base 3) to base 5
-133342
What is 331030 (base 4) in base 8?
7514
What is -379 (base 14) in base 6?
-3115
What is 25102 (base 8) in base 10?
10818
Convert 2ac1 (base 13) to base 5.
144431
What is -22210 (base 7) in base 6?
-41521
What is 30320 (base 4) in base 15?
39e
What is 10b5 (base 12) in base 10?
1865
What is 8791 (base 10) in base 9?
13047
Convert 4401 (base 5) to base 10.
601
Convert -22a3 (base 13) to base 4.
-1030001
What is -223 (base 7) in base 6?
-311
31832 (base 9) to base 14
7985
6530 (base 7) to base 10
2324
Convert -104244 (base 8) to base 2.
-1000100010100100
-755 (base 10) to base 8
-1363
What is 12c (base 14) in base 15?
10b
Convert -10456 (base 7) to base 13.
-127c
-4052 (base 6) to base 5
-12041
Convert 336 (base 14) to base 7.
1566
Convert -905 (base 10) to base 16.
-389
What is 3405 (base 10) in base 16?
d4d
Convert -296 (base 13) to base 2.
-111001101
84522 (base 9) to base 5
3241304
-1316 (base 8) to base 12
-4ba
What is -224 (base 11) in base 4?
-10030
Convert 161 (base 13) to base 3.
100012
-1010101 (base 2) to base 9
-104
4329 (base 14) to base 3
120220200
Convert 10000010 (base 3) to base 4.
202032
What is 12113321 (base 4) in base 6?
320505
Convert 154 (base 14) to base 12.
1a6
What is -211222 (base 3) in base 5?
-4440
20c (base 16) to base 6
2232
34443 (base 7) to base 5
240202
Convert 112354 (base 8) to base 2.
1001010011101100
10660 (base 7) to base 2
101010110001
-203230 (base 4) to base 9
-3117
What is -3024 (base 5) in base 16?
-185
What is -1352 (base 10) in base 4?
-111020
Convert 2131a (base 11) to base 5.
1442442
332432 (base 5) to base 9
16837
Convert -6be (base 16) to base 13.
-a2a
Convert -424 (base 7) to base 2.
-11010110
Convert -4444 (base 8) to base 6.
-14500
Convert -1636 (base 9) to base 2.
-10011100000
What is -19118 (base 14) in base 12?
-30796
What is -29a (base 12) in base 7?
-1120
Convert 4421 (base 11) to base 2.
1011011000111
What is -100010110010 (base 2) in base 14?
-b50
-11c (base 14) to base 13
-141
Convert 229 (base 14) to base 9.
526
What is -2240134 (base 5) in base 7?
-224514
Convert 242 (base 10) to base 7.
464
Convert 10111111 (base 2) to base 7.
362
-3633 (base 7) to base 11
-1015
What is 125b (base 13) in base 2?
101000110011
Convert -17c2 (base 15) to base 11.
-3946
4344 (base 12) to base 11
5614
Convert -101 (base 16) to base 7.
-515
What is -3022 (base 4) in base 14?
-106
Convert -111110000100 (base 2) to base 6.
-30220
Convert 1b0b (base 14) to base 15.
16c6
What is 65b8 (base 14) in base 10?
17606
2888 (base 10) to base 15
cc8
What is -101001100 (base 2) in base 13?
-1c7
What is 1220 (base 7) in base 11?
384
What is 1285b (base 12) in base 6?
313355
Convert -1000002 (base 3) to base 2.
-1011011011
What is 57666 (base 8) in base 15?
73d7
-2264 (base 11) to base 15
-d34
Convert -10504 (base 6) to base 3.
-2000211
What is 207 (base 16) in base 10?
519
Convert -68a (base 12) to base 11.
-802
-235 (base 15) to base 7
-1313
-5312 (base 10) to base 4
-1103000
-4332 (base 7) to base 10
-1542
What is 301113 (base 4) in base 5?
100114
Convert -111110000100 (base 2) to base 16.
-f84
160 (base 7) to base 12
77
Convert 23452 (base 7) to base 3.
22022121
-46167 (base 8) to base 10
-19575
2110010 (base 3) to base 9
2403
Convert -131101 (base 4) to base 10.
-1873
-1c2 (base 15) to base 5
-3112
10416 (base 8) to base 9
5881
-8d (base 14) to base 8
-175
What is 80a (base 15) in base 6?
12214
-2a1 (base 13) to base 4
-13111
161150 (base 7) to base 13
1152b
What is 10001001000 (base 2) in base 11?
907
73 (base 11) to base 5
310
Convert 6ec8 (base 16) to base 4.
12323020
What is 2b0 (base 15) in base 6?
2503
Convert 13364 (base 7) to base 4.
320213
123022 (base 6) to base 8
25426
Convert -1283 (base 13) to base 12.
-1642
Convert a9 (base 15) to base 5.
1114
Convert -220212 (base 3) to base 6.
-3035
What is -105563 (base 7) in base 10?
-18812
What is 2011 (base 3) in base 8?
72
What is -1000111011000 (base 2) in base 14?
-1944
What is -1440421 (base 5) in base 9?
-46141
Convert -3030 (base 10) to base 5.
-44110
What is -40035 (base 6) in base 11?
-3a04
Convert -3984 (base 11) to base 9.
-7078
What is 1658b (base 12) in base 2?
111110010111011
Convert -1503 (base 9) to base 14.
-5b3
-22557 (base 9) to base 10
-15037
Convert -3b5 (base 14) to base 2.
-1011101011
What is 11070 (base 10) in base 13?
5067
2777 (base 15) to base 11
6380
172 (base 13) to base 8
406
Convert 1100010100 (base 2) to base 16.
314
Convert 44203 (base 5) to base 16.
bed
Convert -1320 (base 6) to base 16.
-150
Convert -10111011011110 (base 2) to base 3.
-121110101
Convert 120202000 (base 3) to base 9.
16660
Convert 81a (base 16) to base 15.
934
1011101110 (base 2) to base 12
526
17b1 (base 15) to base 11
3931
What is -994 (base 11) in base 13?
-709
Convert 13470 (base 9) to base 4.
2032233
22110111 (base 3) to base 2
1100000011001
Convert 3134 (base 9) to base 7.
6463
6477 (base 8) to base 4
310333
What is -10111000010101 (base 2) in base 7?
-46252
What is -190 (base 11) in base 8?
-334
472 (base 12) to base 16
296
What is -20121330 (base 4) in base 16?
-867c
Convert b0a (base 16) to base 11.
213a
What is 3b41 (base 13) in base 16?
2137
Convert -278d (base 14) to base 16.
-1b49
What is -401420 (base 5) in base 2?
-11000110111111
What is -331341 (base 5) in base 15?
-35eb
-142 (base 11) to base 14
-bd
What is -55721 (base 8) in base 5?
-1223010
33809 (base 12) to base 13
25284
-750 (base 10) to base 8
-1356
2e8 (base 15) to base 10
668
What is 10934 (base 10) in base 7?
43610
-65741 (base 8) to base 6
-331505
What is 1114 (base 7) in base 9?
487
743 (base 11) to base 13
53a
What is 38287 (base 11) in base 9?
83278
Convert 547 (base 12) to base 4.
30013
-329 (base 10) to base 14
-197
What is -314 (base 12) in base 2?
-111000000
What is -1d4e (base 15) in base 2?
-1100011100110
What is -120511 (base 6) in base 15?
-31da
What is -12253 (base 6) in base 14?
-94d
Convert 62215 (base 7) to base 8.
35542
1010111001 (base 2) to base 9
854
2416 (base 7) to base 11
744
398 (base 11) to base 12
332
Convert 132 (base 13) to base 3.
21210
What is -3423301 (base 5) in base 6?
-1150432
What is 40ac (base 13) in base 5?
241210
Convert -1111011010 (base 2) to base 12.
-6a2
What is 8a8 (base 13) in base 7?
4226
421 (base 11) to base 3
200210
Convert -7b9 (base 12) to base 13.
-6a5
231 (base 5) to base 15
46
What is -3554 (base 12) in base 15?
-1b7d
What is a95 (base 14) in base 2?
100000101011
Convert 227 (base 10) to base 14.
123
What is -2389 (base 14) in base 4?
-1200311
What is 24b (base 16) in base 3?
210202
What is 2332 (base 4) in base 14?
d8
What is -6b (base 13) in base 3?
-10022
Convert -1ec4 (base 16) to base 8.
-17304
-4ab0 (base 13) to base 16
-297d
What is -232 (base 10) in base 3?
-22121
What is 1507 (base 8) in base 4?
31013
Convert -2c1 (base 13) to base 10.
-495
Convert 11011110101 (base 2) to base 3.
2102222
Convert 6c21 (base 16) to base 8.
66041
Convert -132d5 (base 15) to base 10.
-61400
Convert -2220020201 (base 3) to base 8.
-157323
What is 26605 (base 7) in base 16?
1bf7
What is -4302 (base 9) in base 7?
-12134
What is -541c (base 14) in base 12?
-84aa
-2c6 (base 16) to base 15
-325
-1128 (base 11) to base 16
-5ca
Convert 10441 (base 9) to base 10.
6922
What is -43122 (ba